13 divide 16914647?
False
Is 16896669 a multiple of 21?
False
Is 36653715 a multiple of 112?
False
Does 55 divide 241824550?
True
Does 344 divide 346023752?
True
Is 52997098 a multiple of 67?
False
Is 38323440 a multiple of 34?
True
Is 161760394 a multiple of 7?
False
Does 483 divide 174369935?
False
Does 16 divide 67627042?
False
Is 19 a factor of 1686047321?
False
Is 37887726 a multiple of 1821?
True
Is 48 a factor of 6664608?
True
Does 4 divide 8234058?
False
Is 10 a factor of 28849331?
False
Is 3030674293 a multiple of 6492?
False
Does 14 divide 73260206?
False
Is 21693793 a multiple of 34?
False
Is 3020802898 a multiple of 1459?
False
Does 738 divide 82917982?
False
Is 1178 a factor of 220371994?
True
Is 130 a factor of 3155417980?
True
Is 1269728593 a multiple of 259?
True
Is 190 a factor of 211555673?
False
Is 264 a factor of 8438064375?
False
Is 13435138 a multiple of 11?
False
Is 558 a factor of 20470230?
True
Is 12361472 a multiple of 443?
True
Is 656 a factor of 2204596008?
False
Is 39 a factor of 1714430452?
False
Does 3372 divide 55985316?
True
Is 3508 a factor of 2814588835?
False
Does 290 divide 162277501?
False
Does 32 divide 639510816?
True
Does 10 divide 18949433?
False
Is 101145591 a multiple of 463?
True
Is 45 a factor of 22046649?
False
Does 1085 divide 962454682?
False
Is 712 a factor of 1599920248?
True
Is 39 a factor of 1264353494?
False
Is 795 a factor of 176094885?
True
Does 28 divide 75472602?
False
Does 8363 divide 1843305556?
True
Is 71 a factor of 330798869?
True
Does 4 divide 7399012?
True
Does 97 divide 28585609?
True
Is 1629 a factor of 13773061?
False
Is 555749226 a multiple of 39?
False
Is 3584 a factor of 4169793163?
False
Is 584878938 a multiple of 149?
True
Does 1252 divide 1448046841?
False
Is 16899853 a multiple of 361?
False
Is 60 a factor of 97844160?
True
Is 52 a factor of 99995220?
True
Does 119 divide 164150145?
False
Is 5486 a factor of 189448978?
False
Is 54517092 a multiple of 40?
False
Does 2 divide 231254908?
True
Does 333 divide 3583015065?
True
Does 34 divide 6316004?
False
Is 1118 a factor of 6948614842?
True
Is 10 a factor of 95738573?
False
Is 574 a factor of 4850300?
True
Is 98 a factor of 629943746?
False
Is 68904250 a multiple of 426?
False
Is 3 a factor of 1450545908?
False
Is 168 a factor of 215964168?
True
Is 32 a factor of 98783136?
True
Is 36385390 a multiple of 233?
False
Is 60267589 a multiple of 13?
False
Is 159919881 a multiple of 449?
True
Is 239469054 a multiple of 2161?
True
Is 67 a factor of 4265401?
False
Does 358 divide 3089308493?
False
Does 45 divide 54084832?
False
Is 196165190 a multiple of 265?
True
Does 237 divide 3842388330?
False
Is 348109875 a multiple of 925?
True
Is 74 a factor of 91449348?
True
Is 127 a factor of 6848579?
False
Is 773 a factor of 1587940661?
True
Is 15022697 a multiple of 10?
False
Is 11 a factor of 118572308?
False
Is 71 a factor of 152090355?
False
Does 1312 divide 19680000?
True
Does 2115 divide 31371795?
True
Does 1825 divide 6367209960?
False
Is 12 a factor of 4806377?
False
Is 418440276 a multiple of 4567?
False
Does 6 divide 24534299?
False
Is 2241 a factor of 360704614?
False
Is 71 a factor of 223364935?
True
Is 1844839415 a multiple of 15?
False
Does 409 divide 24088828?
False
Does 29 divide 480572630?
True
Does 6 divide 949881047?
False
Is 1967357 a multiple of 4?
False
Is 14066867 even?
False
Is 617377333 a multiple of 163?
True
Is 155 a factor of 61236470?
True
Does 17 divide 120010633?
True
Does 38 divide 28764936?
True
Does 311 divide 98278177?
True
Is 29 a factor of 234820914?
False
Is 513 a factor of 331163559?
True
Is 1112094 a multiple of 9?
True
Does 2 divide 194003538?
True
Does 902 divide 84342062?
False
Does 1802 divide 224595038?
False
Is 160 a factor of 458198546?
False
Is 104 a factor of 61602944?
True
Does 16 divide 52309552?
True
Is 305 a factor of 4112315?
True
Does 36 divide 7577856?
True
Does 28 divide 19049268?
True
Is 1284113 a multiple of 15?
False
Is 285 a factor of 1351070061?
False
Is 29 a factor of 15558790?
True
Is 30 a factor of 9211946?
False
Is 58 a factor of 1535254395?
False
Is 133 a factor of 3463337290?
True
Is 3782 a factor of 942138558?
False
Is 100512280 a multiple of 40?
True
Is 346775451 a multiple of 644?
False
Is 56 a factor of 86414527?
False
Does 25 divide 168555175?
True
Is 13 a factor of 25546213?
False
Is 1427755550 a multiple of 377?
True
Does 350 divide 224171500?
True
Does 868 divide 3207906491?
False
Is 1405 a factor of 293868980?
False
Is 17702244 a multiple of 84?
True
Is 329220463 a multiple of 13?
True
Is 7558439 a multiple of 10?
False
Does 26 divide 328128485?
False
Is 2468 a factor of 239070224?
True
Is 1086952258 a multiple of 15?
False
Is 7 a factor of 34111364?
True
Is 112914756 a multiple of 1832?
False
Is 3923874 a multiple of 87?
True
Does 230 divide 62046640?
True
Is 4994657382 a multiple of 12914?
True
Is 612 a factor of 46914096?
False
Is 409 a factor of 1299698932?
True
Is 11083371 a multiple of 646?
False
Does 3523 divide 741964938?
True
Is 2279878 a multiple of 278?
True
Is 169 a factor of 243624316?
True
Is 13543155 a multiple of 295?
True
Is 15172270 a multiple of 30?
False
Does 77 divide 161576567?
False
Is 36 a factor of 396527931?
False
Is 9262738 a multiple of 62?
True
Is 102324520 a multiple of 172?
True
Is 289100 a multiple of 7?
True
Is 31 a factor of 122506823?
True
Is 543530 a multiple of 9?
False
Does 107 divide 1234823228?
True
Is 602 a factor of 522189650?
False
Does 159 divide 9063780?
False
Is 18 a factor of 999533826?
True
Is 35 a factor of 12084289?
False
Is 79630340 a multiple of 5394?
False
Is 69268066 a multiple of 8?
False
Is 123839408 a multiple of 308?
True
Is 2619 a factor of 11628240?
False
Is 39 a factor of 1218950616?
True
Is 567869984 a multiple of 22?
True
Is 1953072 a multiple of 8?
True
Is 43171644 a multiple of 568?
False
Does 41 divide 9927316?
False
Is 76886040 a multiple of 265?
True
Is 254165835 a multiple of 55?
True
Is 22990050 a multiple of 6?
True
Is 151890652 a multiple of 223?
True
Is 49153407 a multiple of 1327?
True
Is 6175056 a multiple of 309?
True
Is 46 a factor of 784582362?
False
Is 220566613 a multiple of 948?
False
Does 603 divide 221653702?
False
Is 15 a factor of 590567610?
True
Does 641 divide 1165785418?
True
Is 982375146 a multiple of 2153?
True
Is 18692088 a multiple of 584?
True
Is 1242925 a multiple of 15?
False
Is 33 a factor of 43145619?
True
Is 3 a factor of 26457496?
False
Is 166702585 a multiple of 35?
True
Is 48035224 a multiple of 77?
False
Is 3109626 a multiple of 39?
True
Does 782 divide 21193764?
True
Does 12 divide 5986768?
False
Is 2088707520 a multiple of 146?
False
Is 7160651 a multiple of 7?
False
Is 17393369 a multiple of 7?
True
Is 163323468 a multiple of 126?
True
Is 1258483940 a multiple of 20?
True
Is 77 a factor of 1857681595?
True
Does 101 divide 1052925?
True
Is 973 a factor of 2210779852?
False
Is 746 a factor of 68268673?
False
Is 10006700 a multiple of 65?
False
Is 1060810302 a multiple of 1403?
False
Is 10 a factor of 6242040?
True
Does 111 divide 848507933?
False
Is 765464945 a multiple of 602?
False
Is 751466479 a multiple of 1620?
False
Is 2455 a factor of 28517280?
True
Is 915059250 a multiple of 210?
True
Does 3 divide 259994043?
True
Does 13 divide 108213690?
True
Is 763930330 a multiple of 25?
False
Does 30 divide 65326320?
True
Does 37 divide 249535363?
True
Is 33379114 a multiple of 39?
False
Does 16 divide 236487696?
True
Does 37 divide 1470567784?
False
Is 1180138350 a multiple of 1182?
True
Does 922 divide 253503900?
True
Is 413281585 a multiple of 407?
False
Is 13510672 a multiple of 76?
True
Is 966491555 a multiple of 545?
True
Does 45 divide 52942950?
True
Is 3758 a factor of 96712043?
False
Does 1255 divide 250489215?
True
Is 8943044 a multiple of 22?
True
Is 4164 a factor of 775166076?
True
Does 213 divide 204866204?
False
Is 804 a factor of 204037221?
False
Does 987 divide 202298381?
False
Does 39 divide 68894670?
True
Does 14 divide 540294687?
False
Is 1366560 a multiple of 20?
True
Does 1124 divide 392405528?
False
Is 52110024 a multiple of 24?
True
Does 19 divide 374583537?
True
Is 17 a factor of 122212473?
True
Is 24 a factor of 81014544?
True
Does 6 di